1212112111 (base 3) to base 11
-4247657
What is -230530302 (base 6) in base 9?
-7874732
100010110011000000 (base 2) to base 16
22cc0
-1597a6a (base 12) to base 15
-5c7a91
-570202 (base 11) to base 8
-3355322
What is -103a369 (base 11) in base 2?
-110111110100101110000
42163650 (base 7) to base 8
15455071
Convert 1b28c0 (base 13) to base 2.
10101000110010100110
What is -2100112303 (base 4) in base 13?
-179194
Convert -1001101000010001101 (base 2) to base 8.
-1150215
What is -2666725 (base 10) in base 11?
-1561606
What is 1116737 (base 9) in base 13?
181039
3a7d60 (base 14) to base 6
111141224
-12223021323 (base 4) to base 9
-3256030
What is 450662 (base 9) in base 12?
10bb9b
-172482 (base 12) to base 13
-10c292
Convert 3200002012 (base 4) to base 10.
917638
What is -23121340 (base 5) in base 12?
-a0260
What is 1362a9 (base 11) in base 2?
110100000101001001
What is 1010110001111100010111 (base 2) in base 14?
537c59
What is 5114132 (base 9) in base 4?
22121133101
Convert -22212112221011 (base 3) to base 7.
-55035466
What is 260790a (base 11) in base 4?
101033132210
What is -51ba1 (base 15) in base 12?
-105b5a
What is 31253544 (base 7) in base 15?
370c03
What is 23303232 (base 4) in base 7?
261003
What is 1330330021 (base 5) in base 4?
30312322030
Convert 21112220021112 (base 3) to base 13.
aa6981
What is -12c38 (base 14) in base 10?
-46306
-10100000110101111011 (base 2) to base 10
-658811
Convert -24230123 (base 6) to base 11.
-483552
-165242 (base 9) to base 14
-293a4
Convert 3020615 (base 7) to base 12.
15325b
104514 (base 10) to base 14
2a134
Convert -4527b (base 13) to base 15.
-2737e
What is 794b6 (base 15) in base 3?
201121020200
Convert -635654 (base 7) to base 5.
-12010333
69089 (base 13) to base 14
4d9ac
Convert -27a12b4 (base 13) to base 5.
-11202302321
-12201111020 (base 3) to base 12
-55213
What is -1240832 (base 11) in base 16?
-20db0e
2023313211 (base 4) to base 16
8bde5
Convert 100010101101111100 (base 2) to base 14.
39b76
Convert 201110431 (base 6) to base 5.
1333240443
Convert baaca (base 13) to base 9.
564572
-111001100010011011110 (base 2) to base 7
-22011545
2c66 (base 14) to base 8
17372
Convert 42751323 (base 8) to base 5.
4321212400
Convert -24a70 (base 11) to base 16.
-8c35
What is -1581b8 (base 12) in base 4?
-1121200130
What is -10036322 (base 7) in base 13?
-2321a5
Convert -5e26c9 (base 15) to base 5.
-2123421124
-2304684 (base 9) to base 14
-24525d
Convert 18a2376 (base 13) to base 4.
132312203101
What is -1632074 (base 8) in base 4?
-1303100330
84d6 (base 16) to base 2
1000010011010110
What is -1525040014 (base 6) in base 9?
-40236111
-121221311020 (base 4) to base 6
-400045544
What is 18984a (base 13) in base 16?
979a8
Convert 38a91 (base 12) to base 11.
53319
What is 319072 (base 13) in base 5?
244143211
Convert 3470714 (base 11) to base 13.
134342b
Convert -35107 (base 11) to base 6.
-1030430
Convert -68282 (base 12) to base 13.
-4b137
What is -14435156 (base 7) in base 15?
-1c1085
Convert 1021023320 (base 4) to base 13.
a65a1
Convert 55213501 (base 8) to base 16.
b51741
-253788 (base 13) to base 5
-212041102
-190253 (base 16) to base 10
-1638995
-17262001 (base 8) to base 6
-222122213
3ba434 (base 15) to base 14
549b47
Convert 2253291 (base 10) to base 11.
12a9a27
111010111100100111 (base 2) to base 13
85b8b
What is 73000464 (base 8) in base 3?
1002002210110121
Convert 632100 (base 9) to base 11.
237149
103074 (base 10) to base 5
11244244
What is 151473 (base 8) in base 5?
3212300
-100010000010010010100 (base 2) to base 5
-241142114
What is 529179 (base 11) in base 4?
3032232003
178363 (base 12) to base 5
101031230
What is 10200002022 (base 3) in base 13?
26b55
What is 1aa8a (base 13) in base 4?
30301233
Convert -222031212 (base 5) to base 10.
-970807
What is -60058a9 (base 11) in base 6?
-1015553512
-3332401 (base 5) to base 13
-20802
-11111110110011011111 (base 2) to base 9
-1860583
1110021200 (base 3) to base 8
67736
Convert 2011213233 (base 4) to base 15.
ac276
What is -1030219 (base 13) in base 11?
-285610a
Convert 1120101102 (base 3) to base 4.
13202303
Convert 1111011011100000111 (base 2) to base 10.
505607
What is -120154423 (base 7) in base 4?
-130120331230
1a87a2 (base 12) to base 8
1630152
-122133334 (base 5) to base 4
-2032132222
What is -1c78ba (base 16) in base 12?
-75b98a
531761 (base 8) to base 15
37742
Convert 630480 (base 10) to base 8.
2317320
Convert -a19128 (base 11) to base 6.
-55032001
262231 (base 10) to base 4
1000001113
776727 (base 9) to base 12
1a47a4
-4cc72 (base 14) to base 10
-189044
-204434103 (base 5) to base 8
-3215035
What is -4287963 (base 12) in base 15?
-1194820
What is 201839 (base 12) in base 3?
221102200100
What is 5a4401 (base 11) in base 14?
1acd10
-121201203 (base 4) to base 7
-613542
What is 102121111212021 (base 3) in base 7?
103310626
Convert 2200000022 (base 4) to base 11.
408431
145509 (base 12) to base 6
11151213
1211211112210 (base 3) to base 14
1b7688
What is 3b71 (base 14) in base 12?
609b
Convert fa3d (base 16) to base 2.
1111101000111101
20333122221 (base 4) to base 14
454d05
Convert 195052 (base 10) to base 6.
4103004
Convert 34b16 (base 12) to base 13.
26262
5dc55 (base 14) to base 6
4533351
60688 (base 13) to base 16
2a1cc
222013425 (base 6) to base 9
7487788
Convert -454363 (base 7) to base 14.
-21633
27ad35 (base 15) to base 10
1909850
What is -45325353 (base 6) in base 2?
-101010000111101000101
What is 113211214 (base 5) in base 11?
327778
Convert 514402114 (base 6) to base 2.
100001111011111011011110
What is 121010100000 (base 3) in base 5?
40123413
Convert 341435 (base 8) to base 10.
115485
Convert 2212220011 (base 3) to base 13.
1cb01
241104331 (base 5) to base 11
6a0311
What is -67795 (base 11) in base 2?
-10111111101000010
What is 1131d6 (base 16) in base 4?
10103013112
Convert -12100 (base 10) to base 8.
-27504
What is -50938 (base 10) in base 15?
-1015d
What is 28032 (base 10) in base 13?
c9b4
Convert -120aa4 (base 12) to base 13.
-a2b05
What is -2101222331 (base 4) in base 15?
-bbbce
What is -121002121122110 (base 3) in base 16?
-82883d
-31020443 (base 5) to base 12
-101579
What is -10100010001100000 (base 2) in base 8?
-242140
What is -23465 (base 15) in base 2?
-11011011011110010
-1a73f (base 16) to base 12
-52853
What is 101010110111100101 (base 2) in base 14?
47dc1
Convert -6575277 (base 8) to base 15.
-24dd52
6ae95 (base 15) to base 2
1010011001100110110
Convert -2122130 (base 6) to base 3.
-12021220000
Convert a618a9 (base 14) to base 5.
2414110242
Convert -2808 (base 9) to base 12.
-1282
-11110011010001110010101 (base 2) to base 8
-36321625
Convert -1174ab9 (base 15) to base 16.
-bf0b6b
-12002000113 (base 4) to base 10
-1581079
-120443 (base 10) to base 11
-82544
6221611 (base 7) to base 16
b5dfb
What is -da34 (base 14) in base 5?
-2201203
Convert -1571980 (base 10) to base 2.
-101111111110010001100
What is 5716013 (base 8) in base 13?
422362
Convert 3922761 (base 10) to base 7.
45225423
432111313 (base 5) to base 11
1041520
100110110001110011010 (base 2) to base 3
2101120001022
Convert -80c9c3 (base 13) to base 2.
-1011011100000001110100
Convert 105bb0 (base 13) to base 15.
78cda
-1110101101000110001 (base 2) to base 12
-1b2a15
What is 159c89 (base 16) in base 5?
330310304
Convert 416660 (base 7) to base 15.
16518
305db7 (base 15) to base 7
25350664
840188 (base 9) to base 15
9cbd2
-132211202 (base 4) to base 3
-20100212002
Convert -94203 (base 14) to base 8.
-1271373
Convert 154105 (base 7) to base 13.
109c0
Convert -10340024 (base 5) to base 6.
-1532422
Convert 533515 (base 6) to base 2.
1010101001010111
Convert -1002222022001 (base 3) to base 4.
-2100002122
What is 123001133 (base 4) in base 6?
2212235
What is -526563 (base 7) in base 14?
-25333
What is 13642 (base 13) in base 3?
1211200111
139b61 (base 12) to base 7
2534665
Convert -525000 (base 16) to base 3.
-101011001202210
What is b8046 (base 13) in base 11?
207321
Convert -2000894 (base 10) to base 3.
-10202122201012
What is -13e6e (base 16) in base 10?
-81518
Convert -112111110010220 (base 3) to base 6.
-433050510
Convert 502153155 (base 6) to base 4.
200130233333
-1011010001010011110 (base 2) to base 15
-7465a
Convert -54266461 (base 8) to base 3.
-210212202101012
149b7 (b